297 is divided by 49?
14
Calculate the remainder when 14970 is divided by 52.
46
Calculate the remainder when 41958 is divided by 41747.
211
Calculate the remainder when 2938 is divided by 365.
18
Calculate the remainder when 466196 is divided by 106.
8
Calculate the remainder when 21978 is divided by 1464.
18
What is the remainder when 7171 is divided by 377?
8
What is the remainder when 344 is divided by 45?
29
Calculate the remainder when 13379 is divided by 955.
9
What is the remainder when 24326 is divided by 46?
38
Calculate the remainder when 1850 is divided by 310.
300
What is the remainder when 784 is divided by 21?
7
What is the remainder when 2230 is divided by 119?
88
Calculate the remainder when 65865 is divided by 2058.
9
Calculate the remainder when 75 is divided by 39.
36
Calculate the remainder when 60204 is divided by 21.
18
What is the remainder when 387173 is divided by 198?
83
Calculate the remainder when 3376 is divided by 1068.
172
Calculate the remainder when 6464 is divided by 282.
260
What is the remainder when 931416 is divided by 106?
100
What is the remainder when 58317 is divided by 486?
483
Calculate the remainder when 4463 is divided by 117.
17
What is the remainder when 1837970 is divided by 151?
149
What is the remainder when 321814 is divided by 138?
136
What is the remainder when 1125 is divided by 22?
3
What is the remainder when 1879222 is divided by 2012?
14
Calculate the remainder when 139377 is divided by 30.
27
Calculate the remainder when 226261 is divided by 8702.
9
What is the remainder when 105575 is divided by 547?
4
Calculate the remainder when 4146 is divided by 695.
671
What is the remainder when 5384 is divided by 485?
49
What is the remainder when 9515 is divided by 28?
23
Calculate the remainder when 151 is divided by 41.
28
What is the remainder when 16666 is divided by 231?
34
What is the remainder when 40631 is divided by 40631?
0
Calculate the remainder when 5137 is divided by 305.
257
Calculate the remainder when 499555 is divided by 30.
25
What is the remainder when 6969 is divided by 633?
6
What is the remainder when 5578 is divided by 697?
2
What is the remainder when 19498 is divided by 1562?
754
Calculate the remainder when 984 is divided by 840.
144
What is the remainder when 220393 is divided by 31?
14
Calculate the remainder when 153449 is divided by 99.
98
Calculate the remainder when 9473 is divided by 182.
9
What is the remainder when 4298 is divided by 630?
518
What is the remainder when 63711 is divided by 32?
31
Calculate the remainder when 67 is divided by 40.
27
What is the remainder when 35677 is divided by 17838?
1
Calculate the remainder when 2798827 is divided by 17.
15
What is the remainder when 3218 is divided by 226?
54
What is the remainder when 161895 is divided by 227?
44
Calculate the remainder when 24071 is divided by 108.
95
What is the remainder when 1679 is divided by 345?
299
Calculate the remainder when 13017 is divided by 3084.
681
What is the remainder when 3017 is divided by 301?
7
What is the remainder when 2763261 is divided by 551?
547
Calculate the remainder when 44113 is divided by 21954.
205
What is the remainder when 11649 is divided by 3741?
426
What is the remainder when 127680 is divided by 93?
84
Calculate the remainder when 22615 is divided by 209.
43
What is the remainder when 2066863 is divided by 202?
201
Calculate the remainder when 14575 is divided by 2079.
22
Calculate the remainder when 41783 is divided by 373.
7
Calculate the remainder when 2392 is divided by 150.
142
Calculate the remainder when 6904 is divided by 56.
16
Calculate the remainder when 27796 is divided by 397.
6
What is the remainder when 142495 is divided by 32?
31
What is the remainder when 2277 is divided by 2250?
27
Calculate the remainder when 15498 is divided by 25.
23
What is the remainder when 26770 is divided by 61?
52
Calculate the remainder when 44366 is divided by 269.
250
Calculate the remainder when 161753 is divided by 32349.
8
Calculate the remainder when 29881 is divided by 25.
6
Calculate the remainder when 25310 is divided by 28.
26
What is the remainder when 324 is divided by 33?
27
What is the remainder when 734336 is divided by 319?
317
What is the remainder when 66872 is divided by 4776?
8
Calculate the remainder when 135380 is divided by 58.
8
What is the remainder when 6670 is divided by 323?
210
Calculate the remainder when 255 is divided by 109.
37
What is the remainder when 59780 is divided by 866?
26
What is the remainder when 2366 is divided by 253?
89
Calculate the remainder when 47250 is divided by 1312.
18
What is the remainder when 3866 is divided by 3665?
201
Calculate the remainder when 5827 is divided by 106.
103
Calculate the remainder when 175692 is divided by 55.
22
What is the remainder when 65251 is divided by 155?
151
What is the remainder when 2661 is divided by 76?
1
Calculate the remainder when 100882 is divided by 20176.
2
Calculate the remainder when 3466 is divided by 185.
136
What is the remainder when 48016 is divided by 1264?
1248
What is the remainder when 177 is divided by 57?
6
Calculate the remainder when 10270 is divided by 427.
22
Calculate the remainder when 16345 is divided by 16146.
199
Calculate the remainder when 8732 is divided by 416.
412
Calculate the remainder when 10424 is divided by 60.
44
What is the remainder when 34843 is divided by 831?
772
What is the remainder when 95340 is divided by 183?
180
What is the remainder when 2071 is divided by 82?
21
Calculate the remainder when 143293 is divided by 28656.
13
What is the remainder when 710 is divided by 535?
175
Calculate the remainder when 629686 is divided by 445.
11
Calculate the remainder when 766 is divided by 20.
6
Calculate the remainder when 9020 is divided by 4506.
8
What is the remainder when 14622 is divided by 14555?
67
What is the remainder when 6909 is divided by 1273?
544
What is the remainder when 66215 is divided by 662?
15
Calculate the remainder when 4870 is divided by 2425.
20
What is the remainder when 227274 is divided by 60?
54
What is the remainder when 10427 is divided by 29?
16
Calculate the remainder when 247839 is divided by 17702.
11
What is the remainder when 51065 is divided by 594?
575
Calculate the remainder when 8312 is divided by 2063.
60
What is the remainder when 17379 is divided by 46?
37
What is the remainder when 260388 is divided by 53?
52
Calculate the remainder when 138200 is divided by 1382.
0
What is the remainder when 113285 is divided by 39?
29
What is the remainder when 587573 is divided by 34563?
2
Calculate the remainder when 85626 is divided by 670.
536
What is the remainder when 76834 is divided by 2846?
2838
Calculate the remainder when 397108 is divided by 143.
140
Calculate the remainder when 86834 is divided by 2077.
1677
What is the remainder when 2298 is divided by 35?
23
Calculate the remainder when 586 is divided by 2.
0
Calculate the remainder when 9374 is divided by 964.
698
Calculate the remainder when 10065 is divided by 669.
30
Calculate the remainder when 331205 is divided by 33.
17
Calculate the remainder when 127398 is divided by 2.
0
Calculate the remainder when 4605 is divided by 382.
21
Calculate the remainder when 9630 is divided by 4606.
418
What is the remainder when 6078 is divided by 2021?
15
Calculate the remainder when 99 is divided by 42.
15
What is the remainder when 4614 is divided by 2163?
288
What is the remainder when 330 is divided by 84?
78
What is the remainder when 899479 is divided by 92?
87
Calculate the remainder when 215558 is divided by 107765.
28
What is the remainder when 255518 is divided by 11?
10
Calculate the remainder when 219 is divided by 46.
35
Calculate the remainder when 7673 is divided by 243.
140
What is the remainder when 2309 is divided by 20?
9
What is the remainder when 3288 is divided by 2553?
735
What is the remainder when 20215 is divided by 321?
313
What is the remainder when 174848 is divided by 17484?
8
Calculate the remainder when 28244 is divided by 4.
0
Calculate the remainder when 14706 is divided by 368.
354
What is the remainder when 513 is divided by 69?
30
What is the remainder when 71315 is divided by 23738?
101
What is